et q(l) = l**3 - 42*l**2 + 146*l + 541. Calculate q(38).
313
Let k(y) = -2760*y - 339519. Determine k(-123).
-39
Let w(z) = -z**2 + 131*z - 2936. Give w(93).
598
Let x(m) = 148*m**2 + 50026*m + 670. Calculate x(-338).
-6
Let y(o) = -o**3 + 165*o**2 - 506*o + 29218. What is y(163)?
-122
Let g(l) = l**2 - 97691*l + 2246366. Calculate g(23).
2
Let m(g) = -28*g + 327. Give m(30).
-513
Let r(p) = -p**2 + 85*p + 3269. Determine r(115).
-181
Let r(c) = -4872*c - 34792. Give r(-7).
-688
Let x(j) = j**3 - 120*j**2 - 62*j - 7394. What is x(121)?
-255
Let f(r) = -216*r + 10655. Give f(49).
71
Let x(d) = 126*d**2 + 18022*d + 577. Calculate x(-143).
5
Let h(y) = 9*y**2 + 4671*y + 98413. Determine h(-22).
7
Let q(n) = -672*n - 4825. What is q(-8)?
551
Let c(j) = 389*j - 4786. Calculate c(3).
-3619
Let r(s) = 5*s**2 + 174*s - 3167. What is r(-48)?
1
Let l(r) = 58049*r + 580498. Determine l(-10).
8
Let q(w) = w**3 - 111*w**2 - 514*w + 19602. Determine q(114).
-6
Let j(q) = -q**3 + 145*q**2 + 151*q - 767. Calculate j(146).
-37
Let h(c) = -7639*c + 6172310. Give h(808).
-2
Let m(w) = 3102*w - 366022. Calculate m(118).
14
Let c(x) = -x**3 - 234*x**2 + 334*x + 23240. What is c(-235)?
-25
Let k(y) = 6*y**2 - 191*y + 493. Determine k(26).
-417
Let w(u) = 663*u + 38665. What is w(-57)?
874
Let o(m) = 3*m**2 + 34169*m + 1158364. What is o(-34)?
86
Let z(r) = -216316*r + 216222. Give z(1).
-94
Let k(q) = q**3 + 100*q**2 + 351*q + 14273. Determine k(-98).
-917
Let l(r) = -2*r**3 + 324*r**2 - 3869*r - 57. Give l(13).
8
Let j(i) = -1569*i - 41238. Give j(-26).
-444
Let x(o) = -4*o**3 + 53*o**2 - 43*o + 237. Calculate x(13).
-153
Let m(w) = 1093*w**2 + 98357*w - 1179. Give m(-90).
-9
Let s(h) = 153*h**2 - 31*h - 29. What is s(-1)?
155
Let c(y) = 1356*y + 734948. Give c(-542).
-4
Let b(p) = 42*p**3 + 280*p**2 + 22*p + 96. Give b(-8).
-3664
Let m(t) = -24894*t - 1219807. Calculate m(-49).
-1
Let l(y) = -y**2 - 4894*y + 474222. Calculate l(95).
267
Let b(c) = 9*c**2 + 187*c - 380. Give b(-23).
80
Let z(q) = -70*q**3 + 4*q**2 + 160*q - 633. What is z(4)?
-4409
Let u(i) = 2*i**3 - 54*i**2 - 236*i + 5041. Determine u(28).
1
Let i(x) = -97007*x + 291020. Determine i(3).
-1
Let q(x) = -2*x**3 + 34*x**2 + 136*x - 1172. Determine q(19).
-32
Let w(f) = -57307*f + 172003. Calculate w(3).
82
Let a(u) = -5283*u - 50369. Determine a(-9).
-2822
Let q(h) = h**2 + 1500*h + 42685. Determine q(-29).
26
Let a(j) = -1235*j**2 - 265529*j - 855. Give a(-215).
5
Let o(p) = -27609*p - 2788512. Determine o(-101).
-3
Let f(m) = m**3 + 36*m**2 - 29*m + 223. What is f(-37)?
-73
Let g(h) = 2*h**2 + 696*h + 26703. Calculate g(-44).
-49
Let p(w) = w**2 + 286*w - 345570. What is p(-748)?
6
Let m(p) = 2*p**2 - 11306*p - 535772. Calculate m(-47).
28
Let b(k) = k**3 - 43*k**2 - 1224*k - 66. Calculate b(-18).
2202
Let h(l) = 19*l**2 - 298*l + 578. Give h(29).
7915
Let p(x) = -3*x**3 - 54*x**2 + 50*x + 169. What is p(-19)?
302
Let x(z) = 2*z**2 - 97*z - 850. Calculate x(51).
-595
Let s(o) = -8666*o + 207988. What is s(24)?
4
Let o(k) = 253386*k - 1266915. What is o(5)?
15
Let k(c) = 87*c - 3147. What is k(29)?
-624
Let r(w) = 2*w**3 - 31*w**2 + 37*w + 50. Give r(2).
16
Let n(d) = -798*d - 39092. Determine n(-49).
10
Let q(h) = -2978*h - 17917. Determine q(-6).
-49
Let a(v) = -2*v**3 - 56*v**2 - 56*v - 70. What is a(-27)?
-16
Let p(r) = -r**3 + 3*r**2 - 774*r + 871. Calculate p(0).
871
Let t(g) = -260*g**2 - 348*g + 38. Calculate t(-2).
-306
Let k(x) = 16752*x - 2613305. What is k(156)?
7
Let p(n) = -2*n**2 + 750*n - 2921. Give p(4).
47
Let r(t) = -t**2 + 781*t - 47796. Calculate r(67).
42
Let i(d) = -d**3 - 51*d**2 + 226*d - 10432. Calculate i(-58).
8
Let i(n) = -n**3 - 5*n**2 - 1047*n + 2100. Give i(2).
-22
Let l(b) = -88*b - 20512. What is l(-233)?
-8
Let l(s) = -18*s**2 - 4532*s - 2885. Determine l(-251).
629
Let y(c) = -2620327*c - 5240647. What is y(-2)?
7
Let q(y) = y**2 + 781*y - 29291. What is q(36)?
121
Let s(g) = -34726*g + 3542017. What is s(102)?
-35
Let w(g) = -13*g**2 - 26*g - 89. Calculate w(-5).
-284
Let r(l) = 7346*l + 103214. Calculate r(-14).
370
Let k(r) = -7581*r + 135837. Determine k(18).
-621
Let i(f) = -4*f**3 - 107*f**2 + 6*f + 136. What is i(-26)?
-2048
Let j(m) = -m**3 + 37*m**2 - 7*m - 772. Give j(5).
-7
Let u(i) = i**2 - 490*i + 56426. Give u(185).
1
Let h(u) = u**2 + 56*u + 413. Determine h(-48).
29
Let t(z) = 111*z**2 + 4445*z + 162. Calculate t(-40).
-38
Let a(c) = 2*c**3 + 81*c**2 - 145*c - 4296. Give a(-7).
2
Let d(v) = v**2 + 48017*v - 1826100. Give d(38).
-10
Let f(l) = -1205*l + 14100. What is f(13)?
-1565
Let m(u) = 2*u**3 + 389*u**2 + 178*u - 2852. What is m(-194)?
252
Let o(f) = 210*f**2 - 9025*f - 233. Determine o(43).
-18
Let v(z) = 21*z**3 + 6*z**2 - 1405*z - 1411. Calculate v(-1).
-21
Let d(b) = b**3 - 1583*b**2 + 72186*b - 2. Determine d(47).
-284
Let b(g) = 5*g**3 - 16*g**2 - 172*g + 524. Calculate b(6).
-4
Let j(z) = -6*z**2 - 659*z - 1298. Give j(-2).
-4
Let n(t) = -t**3 - 28*t**2 - 71*t - 2993. What is n(-29)?
-93
Let k(z) = 5*z**3 - 42*z**2 + 186*z - 1502. What is k(8)?
-142
Let m(i) = i**2 - 80*i - 2298. Calculate m(75).
-2673
Let n(w) = -4*w**3 - 105*w**2 + 208*w - 13. Determine n(2).
-49
Let b(l) = -25*l**2 - 240*l - 254. Determine b(-6).
286
Let v(p) = 6814*p - 156792. Calculate v(23).
-70
Let i(x) = -x**3 - 180*x**2 + 4003*x + 679. Determine i(-200).
79
Let a(z) = -10*z**3 - 1558*z**2 + 307*z - 374. Calculate a(-156).
406
Let q(s) = 3*s**2 + 6444*s + 25738. Determine q(-4).
10
Let a(b) = 477*b**3 + 6*b**2 + 16*b - 19. Give a(1).
480
Let m(f) = 8*f**3 - 20*f**2 - 22*f + 33. Give m(-2).
-67
Let g(u) = -1602*u - 1598. Determine g(-1).
4
Let h(f) = -758721*f + 3793604. Determine h(5).
-1
Let o(z) = z**3 + 300*z**2 - 1220*z - 1197. What is o(-304)?
19
Let y(k) = 2*k**3 - 29*k**2 + 45*k + 7. Calculate y(13).
85
Let s(x) = -x**2 + 41*x + 4093. Give s(82).
731
Let t(u) = -216*u**2 + 30025*u - 152. Give t(139).
-13
Let i(f) = -2*f**2 + 725*f + 45886. Determine i(-55).
-39
Let b(f) = -1381*f - 42966. Determine b(-30).
-1536
Let o(a) = -a**3 + 211*a**2 - 3831*a + 375. What is o(191)?
-1726
Let k(o) = -o**3 + 113*o**2 + 8*o - 942. What is k(113)?
-38
Let d(q) = q**3 + 24*q**2 - 3369*q + 6241. Give d(-72).
-23
Let w(o) = -o**3 + 79*o**2 - 92*o + 222. Give w(78).
-870
Let f(c) = 33*c**2 + 121*c - 433. What is f(4)?
579
Let b(k) = 426*k**2 + 2274*k - 315. Give b(-6).
1377
Let c(h) = -25*h**3 - 728*h**2 - 143*h - 1640. What is c(-29)?
-16
Let r(o) = -2*o**2 + 816*o - 4215. Determine r(5).
-185
Let l(r) = -r**3 + 134*r**2 + 258*r + 1897. What is l(136)?
-7
Let a(c) = -c**3 - 15*c**2 - 16001*c + 6. Determine a(0).
6
Let d(q) = 492*q - 211612. Calculate d(430).
-52
Let l(c) = -c**2 - 3769*c - 30088. Determine l(-8).
0
Let l(p) = -7*p**2 - 47*p + 380. Give l(12).
-1192
Let f(b) = -1574*b + 3352. Calculate f(2).
204
Let x(g) = -20*g**2 + 978*g + 3213. Determine x(52).
-11
Let r(a) = 2*a**2 - 149*a + 2618. What is r(22)?
308
Let k(h) = 618*h - 165620. Calculate k(268).
4
Let f(i) = 6*i**2 - 89*i + 3250. What is f(32)?
6546
Let z(t) = 3985*t + 20085. Calculate z(-5).
160
Let b(u) = 2*u**2 + 292*u + 10559. Give b(-67).
-27
Let y(n) = -353*n**2 - 453*n - 450. Give y(-1).
-350
Let m(y) = 2*y**3 - 27*y**2 + 98321*y - 1278037. Determine m(13).
-33
Let u(p) = -3*p**2 + 871*p - 41672. Determine u(57).
-1772
Let u(v) = 52*v**3 + 6*v**2 - 3203*v + 9628. What is u(3)?
1477
Let y(q) = q**2 - 4753*q - 161929. Calculate y(-34).
829
Let c(t) = -3493797*t - 31444188. What is c(-9)?
-15
Let h(z) = -z**3 + 72*z**2 - 814*z - 25. Give h(58).
-141
Let a(h) = 1497*h - 7163. What is a(5)?
322
Let o(d) = d**3 + 131*d**2 + 4274*d + 280. Calculate o(-70).
0
Let j(l) = -13242*l - 119269. Calculate j(-9).
-91
Let f(j) = -j**3 - 3*j**2 + 4*j - 39. Determine f(-7).
129
Let z(k) = -38*k**2 + 15015*k - 1935. Give z(395).
40
Let d(x) = -14*x**2 - 3390*x - 3850. Determine d(-241).
6
Let j(w) = 7*w**3 + 62*w**2 + 38*w + 244. Determine j(-9).
-179
Let o(v) = -2*v**3 + 42*v**2 + 74*v - 183. Give o(-3).
27
Let x(f) = 422*f + 1707. Give x(-4).
19
Let g(i) = 7751*i - 38838. Calculate g(5).
-83
Let r(l) = 358*l + 9791. Determine r(-31).
-1307
Let b(r) = r**3 + 35*r**2 - 746*r + 216. What is b(-50)?
16
Let l(q) = 